 is the thousands digit of x?
2
Let q(c) = c**3 - 3*c**2 + 18*c + 12. Let k = -74 - -85. What is the hundreds digit of q(k)?
1
Let n(r) = r**3 - 12*r + 3. Let w be n(3). What is the hundreds digit of w - -247 - (-42)/6?
2
Suppose -3*q = -2*m + 4298, 3*m - 7886 = 5*q - 1437. What is the thousands digit of m?
2
Suppose 0 = -3*i - 8*i + 3300. What is the hundreds digit of (-246)/4*i/(-45)?
4
Suppose 13 + 1 = 2*k + 2*z, z + 43 = 4*k. Let o(y) = 43*y + 32. What is the units digit of o(k)?
2
Let b(r) = r**3 - 9*r**2 + 8*r. Let a be b(8). Suppose 3*m + 13 - 931 = a. What is the hundreds digit of m?
3
Suppose -3*b = 3*z - 132856 + 50368, 4*z = -3*b + 109988. Suppose -24*q + z = -7564. What is the tens digit of q?
6
Let v(k) be the second derivative of 5*k**4/12 + 7*k**3/6 - 6*k**2 + 10*k - 14. What is the units digit of v(-6)?
6
Let l(p) = -38*p**3 + 2*p**2 + p - 9. Let h be 6*(-1)/(-2)*6/(-6). What is the hundreds digit of l(h)?
0
Suppose 3*z - g = 6, 10*z - 5*g = 14*z + 11. What is the hundreds digit of 1 + z + -4 - -1160?
1
Let d(b) = 94*b + 7. Let x be 5*-3*4/(-30). What is the tens digit of d(x)?
9
Let y = 37170 - -13295. What is the units digit of y?
5
Let t = 23 + -21. Let d(k) = -k**3 + 3*k**2 - 2*k. Let u be d(t). Suppose 2*z = 2*q - 66, q - 5*z - 8 - 41 = u. What is the tens digit of q?
2
Let d = 71 + -71. Suppose d = m + 4*b - 102, -3*b = -4*b + 4. Suppose 2*o + m = 4*o. What is the units digit of o?
3
Let o = -7992 - -15508. What is the units digit of o?
6
Let s(y) = -y**3 + 2*y**2 + 5*y + 18. Let j be s(-3). Suppose -j*c + 2312 = -44*c. What is the tens digit of c?
7
Suppose a + 43 = 46. Suppose -35 = -a*x - 4*x. Suppose 977 - 277 = 4*z - 4*f, f = -x*z + 869. What is the units digit of z?
4
Let v be 1/3*1 + (-4878)/54. What is the hundreds digit of 1038*(v/(-4))/15?
5
Let k(v) = v**2 + 9*v + 15. Let r be k(-9). Let b be 9/r + (-1 - 99/15). Let g(z) = z**3 + 8*z**2 + 4*z - 7. What is the units digit of g(b)?
4
Let o(n) = 53*n + 8. Let j = 89 + -86. What is the tens digit of o(j)?
6
Suppose 3*c + 2*n - 112 = 0, 4*c + 6*n - 148 = 3*n. Suppose -3*z = -11*z + c. Suppose -r = z*r - 750. What is the hundreds digit of r?
1
Suppose -u + g = 2*u - 115, -4*u + 132 = 4*g. Suppose 0 = a + 26 + u. What is the units digit of (128/3)/((-42)/a)?
4
Let y(c) = -12*c - 4. Let p be y(-2). Suppose -4*h = -2*o - 120, -o + p = 4*o. Let l = h - -75. What is the hundreds digit of l?
1
Suppose -112*w - 93618 = 100*w - 218*w. What is the thousands digit of w?
5
Suppose 5*u - 42 = -u. Let w be -1*28/21*-3. Suppose u*k + w*k = 2046. What is the hundreds digit of k?
1
Let u(d) = d - 15. Let c be u(6). Let y be (40/(-60))/((-1)/c). Let x = y - -16. What is the units digit of x?
0
Suppose -25*n = -90*n + 1800305. What is the thousands digit of n?
7
Let a = 32209 + 50221. What is the units digit of a?
0
Let v = 43055 + -25494. What is the tens digit of v?
6
Suppose -5940 = 5*m - 11588 - 67167. What is the hundreds digit of m?
5
Let m(q) = 19*q + 27. Let i be m(-7). Let g = 471 + i. What is the units digit of g?
5
What is the tens digit of 11362/10 - 168/140?
3
Let m(p) = 163*p**2 - 133*p + 408. What is the hundreds digit of m(3)?
4
Suppose 0 = 4*g + w - 129703, -24489 - 105235 = -4*g - 4*w. What is the hundreds digit of g?
4
Let x(p) = p**2 + 18*p - 38. Let g be x(-19). What is the hundreds digit of g/209 + 37668/44?
8
Suppose 6*m - 153*m = 3*m - 447750. What is the hundreds digit of m?
9
Let s be (-45560)/(-110) - 4/22. Suppose -66*p - s = -67*p. Suppose 5*y - 16 - p = 0. What is the tens digit of y?
8
Suppose 7*n - 5*n = -118. Suppose -3*m + 411 = 3*c, 4*c + 127 = m - 0*m. Let o = m + n. What is the tens digit of o?
7
Let l(q) = 3*q**2 - 8*q - 20. Let f be l(10). Suppose i - 5*i - 106 = -3*a, 5*a - 2*i - f = 0. What is the tens digit of a?
4
Let t(u) = 48*u - 100. Let r be t(28). Let w = r + -877. What is the hundreds digit of w?
3
Let q(a) = 6*a**2 + 14*a + 18. Let x be (4*(-2)/(-4))/(4/(-22)). What is the hundreds digit of q(x)?
5
Let s be (8/10)/((-20)/(-450)). Suppose -14*p = -s*p + 1556. What is the units digit of p?
9
Suppose 3*t - 4*h - 1737 = 20122, 4*h - 20 = 0. What is the units digit of t?
3
Suppose -5*v = 2*p + 191, 0 = -2*p - 2 + 6. Let t = 50 + v. Suppose -10 = -4*q + 2*s, 5*s = -3*q + q + t. What is the units digit of q?
3
Let x = 16 + -4. Let m = x - 8. Suppose -4*y - 4*z + 292 = 0, -m*y + 118 + 173 = 5*z. What is the units digit of y?
4
Let y = -3301 + 1455. What is the tens digit of -2 - 9/(-6) - y/4?
6
Suppose -12*s = -11*s + z - 36475, 3*z + 182391 = 5*s. What is the ten thousands digit of s?
3
Let m(p) = -2 + 0 + p**3 - 11*p**2 - 3*p**2 + 11*p. Let h be m(14). Suppose 2*q + h = 3*u + q, -3*u + 140 = -4*q. What is the units digit of u?
2
Let x(u) = -1300*u - 403. What is the tens digit of x(-10)?
9
Let o(a) = -a**3 - 5*a**2 + 2*a - 2. Let p be o(-6). Suppose p*j = 7*j + 2295. What is the tens digit of j?
5
Let f = -633 - -1487. What is the tens digit of f?
5
What is the hundreds digit of -8*(-117)/104 - 18922/(-2)?
4
Suppose -44946 = -5*n - 4*g, -2397 - 6590 = -n - 3*g. What is the tens digit of n?
9
Let x(a) = -78*a - 52. What is the units digit of x(-4)?
0
Suppose 60453 - 63740 = 13*g - 249013. What is the hundreds digit of g?
9
Let c = -92 - -119. Suppose -31*b + 1056 = -c*b. What is the tens digit of b?
6
Suppose -93*v + 4257855 = 152*v. What is the units digit of v?
9
Let v(r) = 428 + r**2 + 144 + 2*r + 204 + 85. What is the hundreds digit of v(0)?
8
Let a(g) = 2017*g - 794. What is the units digit of a(9)?
9
Let l = 9761 + -4433. What is the units digit of l?
8
Let m(w) be the second derivative of w**5/2 - 11*w**4/12 - 2*w**3 - 3*w**2/2 + 45*w. What is the hundreds digit of m(6)?
6
Suppose -10*n = -7*n - 51. Suppose -n*v = 5*v - 29084. What is the tens digit of v?
2
Let x(a) = -a**3 + 3*a**2 - 25*a - 41. Let s(g) = g**3 - 2*g**2 + 24*g + 40. Let c(f) = -3*s(f) - 2*x(f). What is the hundreds digit of c(-9)?
8
Suppose -41*x + 62758 + 209450 = 84141. What is the thousands digit of x?
4
Let x(t) = -t**2 - t + 8. Let j be x(0). Let o(r) = -j + 1 + 5 + 0 - 59*r. What is the units digit of o(-4)?
4
Let c be (-10741)/(-69) - (4/6 - 0). Let q = c + -38. Let f = 8 + q. What is the tens digit of f?
2
Suppose 2*d + 0*d = -2*d, -4*h + 120104 = -2*d. What is the thousands digit of h?
0
Let v = 3621 - 2541. Suppose 5*x + 23 = 9*x - 3*w, x - 2*w - 12 = 0. Suppose x*c - v = -8*c. What is the units digit of c?
8
Let f be 64/11 - 14/(-77). Let n = f + -11. Let a(s) = -s + 5. What is the units digit of a(n)?
0
Let m(q) = -176*q - 1294. What is the hundreds digit of m(-57)?
7
Let s = -468 - 61. Let i = s + 754. What is the units digit of i?
5
Suppose -133*c + 38 = -114*c. Suppose 4*i = -b + 5484, -c*i - 5*b + 3*b + 2742 = 0. What is the hundreds digit of i?
3
Suppose -185 = 75*p - 74*p. Let h = p + 1414. What is the units digit of h?
9
Suppose -4*i - 5*n = -11712, -n + 11712 = 4*i + n. Suppose -5*o - 994 = -s, -3*s + 3*o - 6*o + i = 0. What is the units digit of s?
9
Suppose 13 = f + 5*u, -4*u + 8 = 5*f - 36. Suppose 2*p - 4*t - 14 = 0, -f*t + 4*t - 4 = 0. Let q(b) = b**2 + 4*b - 2. What is the units digit of q(p)?
3
Suppose -d - 4*p = -1 - 3, -3 = -2*d - 3*p. Suppose -6*f - 876 = -2*a - f, -5*a - 2*f + 2248 = d. What is the tens digit of a?
4
Suppose 12538982 = 81*y + 288*y - 1435048. What is the hundreds digit of y?
8
What is the thousands digit of 18 - 237055/((-234)/18)?
8
Let t(v) = v**2 + 14*v - 38. Suppose -5*r + 5*f = -80, 0 = -r + 3*f + 13 + 5. What is the tens digit of t(r)?
9
Let c = -802 + 4125. Let k = -2186 + c. What is the tens digit of k?
3
What is the hundreds digit of -2*((-17266247)/3014 + (-4)/(-22))?
4
Let y(u) = 8*u + 115. Suppose 2*x + 2*q + 24 = 0, 0 = -2*q - 1 + 5. What is the units digit of y(x)?
3
Let b = 138 - 149. Let w(u) = -u**3 - 10*u**2 + 9*u + 11. What is the tens digit of w(b)?
3
Let i(o) = -14*o**2 + 51*o + 3. Let j(s) = -40*s**2 + 152*s + 10. Suppose 0 = -5*d + 51 + 4. Let f(a) = d*i(a) - 4*j(a). What is the tens digit of f(12)?
9
Let r be ((108/(-5))/3)/(92/(-253230)). Suppose r = 25*y + 2*y. What is the tens digit of y?
3
Suppose -2*q - 2*d + 2147 + 3635 = 0, 3*d - 14447 = -5*q. What is the thousands digit of q?
2
What is